{"id":3468,"date":"2024-07-27T00:25:15","date_gmt":"2024-07-27T00:25:15","guid":{"rendered":"https:\/\/macstylerdz.com\/?post_type=product&#038;p=3468"},"modified":"2026-04-23T13:41:27","modified_gmt":"2026-04-23T13:41:27","slug":"fer-a-boucler-450-f-28-mm-tete-retative","status":"publish","type":"product","link":"https:\/\/macstylerdz.com\/?product=fer-a-boucler-450-f-28-mm-tete-retative","title":{"rendered":"Fer \u00e0 Boucler 450 F 28 mm Tete retative"},"content":{"rendered":"<div dir=\"auto\">\n<p>Fer \u00e0 Boucler professionnels\u00a0<b>MAC Styler<\/b>\u00a0boucleur<br \/>\nen\u00a0c\u00e9ramique\u00a0, pour des boucles serr\u00e9es ou souples et longue tenue Mont\u00e9e en<br \/>\ntemp\u00e9rature jusqu&rsquo;\u00e0 230\u00b0C pour des boucles en un geste et tout en douceur.Parce<br \/>\nque vos cheveux sont uniques, vous trouverez la temp\u00e9rature Adapt\u00e9e \u00e0 votre<br \/>\ntype de cheveux. Pour votre confort, l\u2019embout isolant prot\u00e9gera vos doigts de<br \/>\nla chaleur.<\/p>\n<p>Sa temp\u00e9rature Maximale de\u00a0 450F\/230\u00b0C est id\u00e9ale pour les cheveux fins,<br \/>\nd\u00e9color\u00e9s, sensibilis\u00e9s, courts et mi-longs.<\/p>\n<\/div>\n<div dir=\"auto\"><\/div>\n","protected":false},"excerpt":{"rendered":"<p>Mod\u00e8le : MC-3328<\/p>\n<p>&#8211; Boucleur professionnel MAC Styler en c\u00e9ramique pour des boucles serr\u00e9es ou souples et longue tenue<br \/>\n&#8211; Mont\u00e9e en temp\u00e9rature jusqu&rsquo;\u00e0 230\u00b0C pour des boucles en un geste et tout en douceur<br \/>\n&#8211; Temp\u00e9rature adapt\u00e9e \u00e0 votre type de cheveux pour des r\u00e9sultats personnalis\u00e9s<br \/>\n&#8211; Embout isolant pour prot\u00e9ger vos doigts de la chaleur<br \/>\n&#8211; Id\u00e9al pour les cheveux fins, d\u00e9color\u00e9s, sensibilis\u00e9s, courts et mi-longs<\/p>\n","protected":false},"featured_media":3475,"comment_status":"open","ping_status":"closed","template":"","meta":[],"product_brand":[446],"product_cat":[29],"product_tag":[226,155],"class_list":{"0":"post-3468","1":"product","2":"type-product","3":"status-publish","4":"has-post-thumbnail","6":"product_brand-mac-styler-boutique-enligne-acheter","7":"product_cat-boucleurs-gaufreurs","8":"product_tag-boucleur-feraboucler","9":"product_tag-fers-a-boucler-mc-3328","11":"first","12":"instock","13":"sale","14":"taxable","15":"shipping-taxable","16":"purchasable","17":"product-type-simple"},"yoast_head":"<!-- This site is optimized with the Yoast SEO plugin v27.5 - https:\/\/yoast.com\/product\/yoast-seo-wordpress\/ -->\n<title>Fer \u00e0 Boucler 450 F 28 mm Tete retative - MAC STYLER DZ<\/title>\n<meta name=\"robots\" content=\"index, follow, max-snippet:-1, max-image-preview:large, max-video-preview:-1\" \/>\n<link rel=\"canonical\" href=\"https:\/\/macstylerdz.com\/?product=fer-a-boucler-450-f-28-mm-tete-retative\" \/>\n<meta property=\"og:locale\" content=\"fr_FR\" \/>\n<meta property=\"og:type\" content=\"article\" \/>\n<meta property=\"og:title\" content=\"Fer \u00e0 Boucler 450 F 28 mm Tete retative - MAC STYLER DZ\" \/>\n<meta property=\"og:description\" content=\"Mod\u00e8le : MC-3328  - Boucleur professionnel MAC Styler en c\u00e9ramique pour des boucles serr\u00e9es ou souples et longue tenue - Mont\u00e9e en temp\u00e9rature jusqu&#039;\u00e0 230\u00b0C pour des boucles en un geste et tout en douceur - Temp\u00e9rature adapt\u00e9e \u00e0 votre type de cheveux pour des r\u00e9sultats personnalis\u00e9s - Embout isolant pour prot\u00e9ger vos doigts de la chaleur - Id\u00e9al pour les cheveux fins, d\u00e9color\u00e9s, sensibilis\u00e9s, courts et mi-longs\" \/>\n<meta property=\"og:url\" content=\"https:\/\/macstylerdz.com\/?product=fer-a-boucler-450-f-28-mm-tete-retative\" \/>\n<meta property=\"og:site_name\" content=\"MAC STYLER DZ\" \/>\n<meta property=\"article:publisher\" content=\"https:\/\/www.facebook.com\/lisseur\/\" \/>\n<meta property=\"article:modified_time\" content=\"2026-04-23T13:41:27+00:00\" \/>\n<meta property=\"og:image\" content=\"https:\/\/macstylerdz.com\/wp-content\/uploads\/2024\/07\/3328POJOP.jpg\" \/>\n\t<meta property=\"og:image:width\" content=\"750\" \/>\n\t<meta property=\"og:image:height\" content=\"750\" \/>\n\t<meta property=\"og:image:type\" content=\"image\/jpeg\" \/>\n<meta name=\"twitter:card\" content=\"summary_large_image\" \/>\n<script type=\"application\/ld+json\" class=\"yoast-schema-graph\">{\"@context\":\"https:\\\/\\\/schema.org\",\"@graph\":[{\"@type\":\"WebPage\",\"@id\":\"https:\\\/\\\/macstylerdz.com\\\/?product=fer-a-boucler-450-f-28-mm-tete-retative\",\"url\":\"https:\\\/\\\/macstylerdz.com\\\/?product=fer-a-boucler-450-f-28-mm-tete-retative\",\"name\":\"Fer \u00e0 Boucler 450 F 28 mm Tete retative - MAC STYLER DZ\",\"isPartOf\":{\"@id\":\"https:\\\/\\\/macstylerdz.com\\\/#website\"},\"primaryImageOfPage\":{\"@id\":\"https:\\\/\\\/macstylerdz.com\\\/?product=fer-a-boucler-450-f-28-mm-tete-retative#primaryimage\"},\"image\":{\"@id\":\"https:\\\/\\\/macstylerdz.com\\\/?product=fer-a-boucler-450-f-28-mm-tete-retative#primaryimage\"},\"thumbnailUrl\":\"https:\\\/\\\/macstylerdz.com\\\/wp-content\\\/uploads\\\/2024\\\/07\\\/3328POJOP.jpg\",\"datePublished\":\"2024-07-27T00:25:15+00:00\",\"dateModified\":\"2026-04-23T13:41:27+00:00\",\"breadcrumb\":{\"@id\":\"https:\\\/\\\/macstylerdz.com\\\/?product=fer-a-boucler-450-f-28-mm-tete-retative#breadcrumb\"},\"inLanguage\":\"fr-FR\",\"potentialAction\":[{\"@type\":\"ReadAction\",\"target\":[\"https:\\\/\\\/macstylerdz.com\\\/?product=fer-a-boucler-450-f-28-mm-tete-retative\"]}]},{\"@type\":\"ImageObject\",\"inLanguage\":\"fr-FR\",\"@id\":\"https:\\\/\\\/macstylerdz.com\\\/?product=fer-a-boucler-450-f-28-mm-tete-retative#primaryimage\",\"url\":\"https:\\\/\\\/macstylerdz.com\\\/wp-content\\\/uploads\\\/2024\\\/07\\\/3328POJOP.jpg\",\"contentUrl\":\"https:\\\/\\\/macstylerdz.com\\\/wp-content\\\/uploads\\\/2024\\\/07\\\/3328POJOP.jpg\",\"width\":750,\"height\":750},{\"@type\":\"BreadcrumbList\",\"@id\":\"https:\\\/\\\/macstylerdz.com\\\/?product=fer-a-boucler-450-f-28-mm-tete-retative#breadcrumb\",\"itemListElement\":[{\"@type\":\"ListItem\",\"position\":1,\"name\":\"Home\",\"item\":\"https:\\\/\\\/macstylerdz.com\\\/\"},{\"@type\":\"ListItem\",\"position\":2,\"name\":\"Products\",\"item\":\"https:\\\/\\\/macstylerdz.com\\\/products\\\/\"},{\"@type\":\"ListItem\",\"position\":3,\"name\":\"Fer \u00e0 Boucler 450 F 28 mm Tete retative\"}]},{\"@type\":\"WebSite\",\"@id\":\"https:\\\/\\\/macstylerdz.com\\\/#website\",\"url\":\"https:\\\/\\\/macstylerdz.com\\\/\",\"name\":\"MAC STYLER DZ\",\"description\":\"Achetez les appareils et les outils de coiffure de la marque Mac Styler sur le site officiel en Alg\u00e9rie.\",\"publisher\":{\"@id\":\"https:\\\/\\\/macstylerdz.com\\\/#organization\"},\"alternateName\":\"macstyler\",\"potentialAction\":[{\"@type\":\"SearchAction\",\"target\":{\"@type\":\"EntryPoint\",\"urlTemplate\":\"https:\\\/\\\/macstylerdz.com\\\/?s={search_term_string}\"},\"query-input\":{\"@type\":\"PropertyValueSpecification\",\"valueRequired\":true,\"valueName\":\"search_term_string\"}}],\"inLanguage\":\"fr-FR\"},{\"@type\":\"Organization\",\"@id\":\"https:\\\/\\\/macstylerdz.com\\\/#organization\",\"name\":\"MAC STYLER DZ\",\"alternateName\":\"MAC STYLER ALGERIE\",\"url\":\"https:\\\/\\\/macstylerdz.com\\\/\",\"logo\":{\"@type\":\"ImageObject\",\"inLanguage\":\"fr-FR\",\"@id\":\"https:\\\/\\\/macstylerdz.com\\\/#\\\/schema\\\/logo\\\/image\\\/\",\"url\":\"https:\\\/\\\/macstylerdz.com\\\/wp-content\\\/uploads\\\/2024\\\/08\\\/MAC-STYLER-C.jpg\",\"contentUrl\":\"https:\\\/\\\/macstylerdz.com\\\/wp-content\\\/uploads\\\/2024\\\/08\\\/MAC-STYLER-C.jpg\",\"width\":500,\"height\":500,\"caption\":\"MAC STYLER DZ\"},\"image\":{\"@id\":\"https:\\\/\\\/macstylerdz.com\\\/#\\\/schema\\\/logo\\\/image\\\/\"},\"sameAs\":[\"https:\\\/\\\/www.facebook.com\\\/lisseur\\\/\",\"https:\\\/\\\/www.instagram.com\\\/dzmacshop\\\/\",\"https:\\\/\\\/www.tiktok.com\\\/@mac..styler\"]}]}<\/script>\n<!-- \/ Yoast SEO plugin. -->","yoast_head_json":{"title":"Fer \u00e0 Boucler 450 F 28 mm Tete retative - MAC STYLER DZ","robots":{"index":"index","follow":"follow","max-snippet":"max-snippet:-1","max-image-preview":"max-image-preview:large","max-video-preview":"max-video-preview:-1"},"canonical":"https:\/\/macstylerdz.com\/?product=fer-a-boucler-450-f-28-mm-tete-retative","og_locale":"fr_FR","og_type":"article","og_title":"Fer \u00e0 Boucler 450 F 28 mm Tete retative - MAC STYLER DZ","og_description":"Mod\u00e8le : MC-3328  - Boucleur professionnel MAC Styler en c\u00e9ramique pour des boucles serr\u00e9es ou souples et longue tenue - Mont\u00e9e en temp\u00e9rature jusqu'\u00e0 230\u00b0C pour des boucles en un geste et tout en douceur - Temp\u00e9rature adapt\u00e9e \u00e0 votre type de cheveux pour des r\u00e9sultats personnalis\u00e9s - Embout isolant pour prot\u00e9ger vos doigts de la chaleur - Id\u00e9al pour les cheveux fins, d\u00e9color\u00e9s, sensibilis\u00e9s, courts et mi-longs","og_url":"https:\/\/macstylerdz.com\/?product=fer-a-boucler-450-f-28-mm-tete-retative","og_site_name":"MAC STYLER DZ","article_publisher":"https:\/\/www.facebook.com\/lisseur\/","article_modified_time":"2026-04-23T13:41:27+00:00","og_image":[{"width":750,"height":750,"url":"https:\/\/macstylerdz.com\/wp-content\/uploads\/2024\/07\/3328POJOP.jpg","type":"image\/jpeg"}],"twitter_card":"summary_large_image","schema":{"@context":"https:\/\/schema.org","@graph":[{"@type":"WebPage","@id":"https:\/\/macstylerdz.com\/?product=fer-a-boucler-450-f-28-mm-tete-retative","url":"https:\/\/macstylerdz.com\/?product=fer-a-boucler-450-f-28-mm-tete-retative","name":"Fer \u00e0 Boucler 450 F 28 mm Tete retative - MAC STYLER DZ","isPartOf":{"@id":"https:\/\/macstylerdz.com\/#website"},"primaryImageOfPage":{"@id":"https:\/\/macstylerdz.com\/?product=fer-a-boucler-450-f-28-mm-tete-retative#primaryimage"},"image":{"@id":"https:\/\/macstylerdz.com\/?product=fer-a-boucler-450-f-28-mm-tete-retative#primaryimage"},"thumbnailUrl":"https:\/\/macstylerdz.com\/wp-content\/uploads\/2024\/07\/3328POJOP.jpg","datePublished":"2024-07-27T00:25:15+00:00","dateModified":"2026-04-23T13:41:27+00:00","breadcrumb":{"@id":"https:\/\/macstylerdz.com\/?product=fer-a-boucler-450-f-28-mm-tete-retative#breadcrumb"},"inLanguage":"fr-FR","potentialAction":[{"@type":"ReadAction","target":["https:\/\/macstylerdz.com\/?product=fer-a-boucler-450-f-28-mm-tete-retative"]}]},{"@type":"ImageObject","inLanguage":"fr-FR","@id":"https:\/\/macstylerdz.com\/?product=fer-a-boucler-450-f-28-mm-tete-retative#primaryimage","url":"https:\/\/macstylerdz.com\/wp-content\/uploads\/2024\/07\/3328POJOP.jpg","contentUrl":"https:\/\/macstylerdz.com\/wp-content\/uploads\/2024\/07\/3328POJOP.jpg","width":750,"height":750},{"@type":"BreadcrumbList","@id":"https:\/\/macstylerdz.com\/?product=fer-a-boucler-450-f-28-mm-tete-retative#breadcrumb","itemListElement":[{"@type":"ListItem","position":1,"name":"Home","item":"https:\/\/macstylerdz.com\/"},{"@type":"ListItem","position":2,"name":"Products","item":"https:\/\/macstylerdz.com\/products\/"},{"@type":"ListItem","position":3,"name":"Fer \u00e0 Boucler 450 F 28 mm Tete retative"}]},{"@type":"WebSite","@id":"https:\/\/macstylerdz.com\/#website","url":"https:\/\/macstylerdz.com\/","name":"MAC STYLER DZ","description":"Achetez les appareils et les outils de coiffure de la marque Mac Styler sur le site officiel en Alg\u00e9rie.","publisher":{"@id":"https:\/\/macstylerdz.com\/#organization"},"alternateName":"macstyler","potentialAction":[{"@type":"SearchAction","target":{"@type":"EntryPoint","urlTemplate":"https:\/\/macstylerdz.com\/?s={search_term_string}"},"query-input":{"@type":"PropertyValueSpecification","valueRequired":true,"valueName":"search_term_string"}}],"inLanguage":"fr-FR"},{"@type":"Organization","@id":"https:\/\/macstylerdz.com\/#organization","name":"MAC STYLER DZ","alternateName":"MAC STYLER ALGERIE","url":"https:\/\/macstylerdz.com\/","logo":{"@type":"ImageObject","inLanguage":"fr-FR","@id":"https:\/\/macstylerdz.com\/#\/schema\/logo\/image\/","url":"https:\/\/macstylerdz.com\/wp-content\/uploads\/2024\/08\/MAC-STYLER-C.jpg","contentUrl":"https:\/\/macstylerdz.com\/wp-content\/uploads\/2024\/08\/MAC-STYLER-C.jpg","width":500,"height":500,"caption":"MAC STYLER DZ"},"image":{"@id":"https:\/\/macstylerdz.com\/#\/schema\/logo\/image\/"},"sameAs":["https:\/\/www.facebook.com\/lisseur\/","https:\/\/www.instagram.com\/dzmacshop\/","https:\/\/www.tiktok.com\/@mac..styler"]}]}},"jetpack_sharing_enabled":true,"_links":{"self":[{"href":"https:\/\/macstylerdz.com\/index.php?rest_route=\/wp\/v2\/product\/3468","targetHints":{"allow":["GET"]}}],"collection":[{"href":"https:\/\/macstylerdz.com\/index.php?rest_route=\/wp\/v2\/product"}],"about":[{"href":"https:\/\/macstylerdz.com\/index.php?rest_route=\/wp\/v2\/types\/product"}],"replies":[{"embeddable":true,"href":"https:\/\/macstylerdz.com\/index.php?rest_route=%2Fwp%2Fv2%2Fcomments&post=3468"}],"wp:featuredmedia":[{"embeddable":true,"href":"https:\/\/macstylerdz.com\/index.php?rest_route=\/wp\/v2\/media\/3475"}],"wp:attachment":[{"href":"https:\/\/macstylerdz.com\/index.php?rest_route=%2Fwp%2Fv2%2Fmedia&parent=3468"}],"wp:term":[{"taxonomy":"product_brand","embeddable":true,"href":"https:\/\/macstylerdz.com\/index.php?rest_route=%2Fwp%2Fv2%2Fproduct_brand&post=3468"},{"taxonomy":"product_cat","embeddable":true,"href":"https:\/\/macstylerdz.com\/index.php?rest_route=%2Fwp%2Fv2%2Fproduct_cat&post=3468"},{"taxonomy":"product_tag","embeddable":true,"href":"https:\/\/macstylerdz.com\/index.php?rest_route=%2Fwp%2Fv2%2Fproduct_tag&post=3468"}],"curies":[{"name":"wp","href":"https:\/\/api.w.org\/{rel}","templated":true}]}}

Fer à Boucler 450 F 28 mm Tete retative

<div dir="auto">
<p>Fer à Boucler professionnels <b>MAC Styler</b> boucleur<br />
en céramique , pour des boucles serrées ou souples et longue tenue Montée en<br />
température jusqu&rsquo;à 230°C pour des boucles en un geste et tout en douceur.Parce<br />
que vos cheveux sont uniques, vous trouverez la température Adaptée à votre<br />
type de cheveux. Pour votre confort, l’embout isolant protégera vos doigts de<br />
la chaleur.</p>
<p>Sa température Maximale de  450F/230°C est idéale pour les cheveux fins,<br />
décolorés, sensibilisés, courts et mi-longs.</p>
</div>
<div dir="auto"></div>

<p>Modèle : MC-3328</p>
<p>&#8211; Boucleur professionnel MAC Styler en céramique pour des boucles serrées ou souples et longue tenue<br />
&#8211; Montée en température jusqu&rsquo;à 230°C pour des boucles en un geste et tout en douceur<br />
&#8211; Température adaptée à votre type de cheveux pour des résultats personnalisés<br />
&#8211; Embout isolant pour protéger vos doigts de la chaleur<br />
&#8211; Idéal pour les cheveux fins, décolorés, sensibilisés, courts et mi-longs</p>

<!-- This site is optimized with the Yoast SEO plugin v27.5 - https://yoast.com/product/yoast-seo-wordpress/ -->
<title>Fer à Boucler 450 F 28 mm Tete retative - MAC STYLER DZ</title>
<meta name="robots" content="index, follow, max-snippet:-1, max-image-preview:large, max-video-preview:-1" />
<link rel="canonical" href="https://macstylerdz.com/?product=fer-a-boucler-450-f-28-mm-tete-retative" />
<meta property="og:locale" content="fr_FR" />
<meta property="og:type" content="article" />
<meta property="og:title" content="Fer à Boucler 450 F 28 mm Tete retative - MAC STYLER DZ" />
<meta property="og:description" content="Modèle : MC-3328  - Boucleur professionnel MAC Styler en céramique pour des boucles serrées ou souples et longue tenue - Montée en température jusqu&#039;à 230°C pour des boucles en un geste et tout en douceur - Température adaptée à votre type de cheveux pour des résultats personnalisés - Embout isolant pour protéger vos doigts de la chaleur - Idéal pour les cheveux fins, décolorés, sensibilisés, courts et mi-longs" />
<meta property="og:url" content="https://macstylerdz.com/?product=fer-a-boucler-450-f-28-mm-tete-retative" />
<meta property="og:site_name" content="MAC STYLER DZ" />
<meta property="article:publisher" content="https://www.facebook.com/lisseur/" />
<meta property="article:modified_time" content="2026-04-23T13:41:27+00:00" />
<meta property="og:image" content="https://macstylerdz.com/wp-content/uploads/2024/07/3328POJOP.jpg" />
	<meta property="og:image:width" content="750" />
	<meta property="og:image:height" content="750" />
	<meta property="og:image:type" content="image/jpeg" />
<meta name="twitter:card" content="summary_large_image" />
<script type="application/ld+json" class="yoast-schema-graph">{"@context":"https:\/\/schema.org","@graph":[{"@type":"WebPage","@id":"https:\/\/macstylerdz.com\/?product=fer-a-boucler-450-f-28-mm-tete-retative","url":"https:\/\/macstylerdz.com\/?product=fer-a-boucler-450-f-28-mm-tete-retative","name":"Fer à Boucler 450 F 28 mm Tete retative - MAC STYLER DZ","isPartOf":{"@id":"https:\/\/macstylerdz.com\/#website"},"primaryImageOfPage":{"@id":"https:\/\/macstylerdz.com\/?product=fer-a-boucler-450-f-28-mm-tete-retative#primaryimage"},"image":{"@id":"https:\/\/macstylerdz.com\/?product=fer-a-boucler-450-f-28-mm-tete-retative#primaryimage"},"thumbnailUrl":"https:\/\/macstylerdz.com\/wp-content\/uploads\/2024\/07\/3328POJOP.jpg","datePublished":"2024-07-27T00:25:15+00:00","dateModified":"2026-04-23T13:41:27+00:00","breadcrumb":{"@id":"https:\/\/macstylerdz.com\/?product=fer-a-boucler-450-f-28-mm-tete-retative#breadcrumb"},"inLanguage":"fr-FR","potentialAction":[{"@type":"ReadAction","target":["https:\/\/macstylerdz.com\/?product=fer-a-boucler-450-f-28-mm-tete-retative"]}]},{"@type":"ImageObject","inLanguage":"fr-FR","@id":"https:\/\/macstylerdz.com\/?product=fer-a-boucler-450-f-28-mm-tete-retative#primaryimage","url":"https:\/\/macstylerdz.com\/wp-content\/uploads\/2024\/07\/3328POJOP.jpg","contentUrl":"https:\/\/macstylerdz.com\/wp-content\/uploads\/2024\/07\/3328POJOP.jpg","width":750,"height":750},{"@type":"BreadcrumbList","@id":"https:\/\/macstylerdz.com\/?product=fer-a-boucler-450-f-28-mm-tete-retative#breadcrumb","itemListElement":[{"@type":"ListItem","position":1,"name":"Home","item":"https:\/\/macstylerdz.com\/"},{"@type":"ListItem","position":2,"name":"Products","item":"https:\/\/macstylerdz.com\/products\/"},{"@type":"ListItem","position":3,"name":"Fer à Boucler 450 F 28 mm Tete retative"}]},{"@type":"WebSite","@id":"https:\/\/macstylerdz.com\/#website","url":"https:\/\/macstylerdz.com\/","name":"MAC STYLER DZ","description":"Achetez les appareils et les outils de coiffure de la marque Mac Styler sur le site officiel en Algérie.","publisher":{"@id":"https:\/\/macstylerdz.com\/#organization"},"alternateName":"macstyler","potentialAction":[{"@type":"SearchAction","target":{"@type":"EntryPoint","urlTemplate":"https:\/\/macstylerdz.com\/?s={search_term_string}"},"query-input":{"@type":"PropertyValueSpecification","valueRequired":true,"valueName":"search_term_string"}}],"inLanguage":"fr-FR"},{"@type":"Organization","@id":"https:\/\/macstylerdz.com\/#organization","name":"MAC STYLER DZ","alternateName":"MAC STYLER ALGERIE","url":"https:\/\/macstylerdz.com\/","logo":{"@type":"ImageObject","inLanguage":"fr-FR","@id":"https:\/\/macstylerdz.com\/#\/schema\/logo\/image\/","url":"https:\/\/macstylerdz.com\/wp-content\/uploads\/2024\/08\/MAC-STYLER-C.jpg","contentUrl":"https:\/\/macstylerdz.com\/wp-content\/uploads\/2024\/08\/MAC-STYLER-C.jpg","width":500,"height":500,"caption":"MAC STYLER DZ"},"image":{"@id":"https:\/\/macstylerdz.com\/#\/schema\/logo\/image\/"},"sameAs":["https:\/\/www.facebook.com\/lisseur\/","https:\/\/www.instagram.com\/dzmacshop\/","https:\/\/www.tiktok.com\/@mac..styler"]}]}</script>
<!-- / Yoast SEO plugin. -->

Fer à Boucler 450 F 28 mm Tete retative - MAC STYLER DZ

Modèle : MC-3328  - Boucleur professionnel MAC Styler en céramique pour des boucles serrées ou souples et longue tenue - Montée en température jusqu'à 230°C pour des boucles en un geste et tout en douceur - Température adaptée à votre type de cheveux pour des résultats personnalisés - Embout isolant pour protéger vos doigts de la chaleur - Idéal pour les cheveux fins, décolorés, sensibilisés, courts et mi-longs

Achetez les appareils et les outils de coiffure de la marque Mac Styler sur le site officiel en Algérie.
