{"id":2819,"date":"2024-07-10T09:53:48","date_gmt":"2024-07-10T09:53:48","guid":{"rendered":"https:\/\/macstylerdz.com\/?post_type=product&#038;p=2819"},"modified":"2026-03-19T20:54:09","modified_gmt":"2026-03-19T20:54:09","slug":"lisseur-mc-5590","status":"publish","type":"product","link":"https:\/\/macstylerdz.com\/?product=lisseur-mc-5590","title":{"rendered":"Lisseur Digital plaques titanium \u2013 480 F\u00b0 \u2013 Rouge"},"content":{"rendered":"<p>&nbsp;<\/p>\n<p>lisseur professionnel \u00e0 temp\u00e9rature\u00a0 pouvant atteindre 480\u00b0F, \u00e9quip\u00e9 de plaques en titane de 2 pouces. Ce mod\u00e8le est dot\u00e9 d&rsquo;un cordon rotatif et d&rsquo;une fonction infrarouge qui lib\u00e8re des ions n\u00e9gatifs, Ce lisseur id\u00e9al pour les traitements \u00e0 la k\u00e9ratine. Son \u00e9cran LCD permet un affichage clair de la temp\u00e9rature, et il est con\u00e7u pour s&rsquo;adapter \u00e0 tous les types de cheveux.<\/p>\n<p>De plus, il offre un temps de chauffage rapide, pr\u00eat \u00e0 l&#8217;emploi en seulement 30 secondes.<\/p>\n","protected":false},"excerpt":{"rendered":"<p>Mod\u00e8le : MC-5590<\/p>\n<p>1- Tension et taux de 110V-240V\/50Hz-60Hz pour une utilisation internationale.<br \/>\n2- Puissance variable de 45W \u00e0 250W adapt\u00e9e \u00e0 diff\u00e9rents besoins de coiffage.<br \/>\n3- Technologie avanc\u00e9e avec chauffage MCH en option et contr\u00f4le num\u00e9rique LCD.<br \/>\n4- Temp\u00e9rature r\u00e9glable jusqu&rsquo;\u00e0 250\u00b0C\/480\u00b0F pour des r\u00e9sultats pr\u00e9cis, avec plaques en titane pour cheveux lisses, boucl\u00e9s ou ondul\u00e9s, et cordon d\u2019alimentation pivotant de 2 m\u00e8tres pour une maniabilit\u00e9 optimale.<\/p>\n","protected":false},"featured_media":2826,"comment_status":"open","ping_status":"closed","template":"","meta":[],"product_brand":[],"product_cat":[28,394],"product_tag":[],"class_list":{"0":"post-2819","1":"product","2":"type-product","3":"status-publish","4":"has-post-thumbnail","6":"product_cat-lisseurs","7":"product_cat-nouvelle-collection","9":"first","10":"instock","11":"taxable","12":"shipping-taxable","13":"purchasable","14":"product-type-simple"},"yoast_head":"<!-- This site is optimized with the Yoast SEO plugin v27.5 - https:\/\/yoast.com\/product\/yoast-seo-wordpress\/ -->\n<title>Lisseur Digital plaques titanium \u2013 480 F\u00b0 \u2013 Rouge - MAC STYLER DZ<\/title>\n<meta name=\"description\" content=\"Nouvelle collection des lisseurs haut de gamme MAC STYLER 2024, qui r\u00e9volutionnera vos coiffures. Reconnu pour sa qualit\u00e9 exceptionnelle, cette nouvelle gamme transformera vos cheveux en un v\u00e9ritable chef-d\u2019\u0153uvre en un rien de temps. En Alg\u00e9rie, profitez des prix attractifs de ces lisseurs MAC STYLER, ainsi que de produits compl\u00e9mentaires comme le boucleur MAC et le s\u00e8che-cheveux MAC, tous con\u00e7us pour r\u00e9pondre \u00e0 vos besoins stylistiques. Que vous choisissiez un lisseur classique, un mod\u00e8le rouge \u00e9clatant, ou l\u2019une des pr\u00e9cieuses brosses MAC, vous trouverez une large s\u00e9lection adapt\u00e9e \u00e0 tous les budgets. Un indispensable pour celles qui recherchent performance et style sans compromis.\" \/>\n<meta name=\"robots\" content=\"index, follow, max-snippet:-1, max-image-preview:large, max-video-preview:-1\" \/>\n<link rel=\"canonical\" href=\"https:\/\/macstylerdz.com\/?product=lisseur-mc-5590\" \/>\n<meta property=\"og:locale\" content=\"fr_FR\" \/>\n<meta property=\"og:type\" content=\"article\" \/>\n<meta property=\"og:title\" content=\"Lisseur Digital plaques titanium \u2013 480 F\u00b0 \u2013 Rouge - MAC STYLER DZ\" \/>\n<meta property=\"og:description\" content=\"Nouvelle collection des lisseurs haut de gamme MAC STYLER 2024, qui r\u00e9volutionnera vos coiffures. Reconnu pour sa qualit\u00e9 exceptionnelle, cette nouvelle gamme transformera vos cheveux en un v\u00e9ritable chef-d\u2019\u0153uvre en un rien de temps. En Alg\u00e9rie, profitez des prix attractifs de ces lisseurs MAC STYLER, ainsi que de produits compl\u00e9mentaires comme le boucleur MAC et le s\u00e8che-cheveux MAC, tous con\u00e7us pour r\u00e9pondre \u00e0 vos besoins stylistiques. Que vous choisissiez un lisseur classique, un mod\u00e8le rouge \u00e9clatant, ou l\u2019une des pr\u00e9cieuses brosses MAC, vous trouverez une large s\u00e9lection adapt\u00e9e \u00e0 tous les budgets. Un indispensable pour celles qui recherchent performance et style sans compromis.\" \/>\n<meta property=\"og:url\" content=\"https:\/\/macstylerdz.com\/?product=lisseur-mc-5590\" \/>\n<meta property=\"og:site_name\" content=\"MAC STYLER DZ\" \/>\n<meta property=\"article:publisher\" content=\"https:\/\/www.facebook.com\/lisseur\/\" \/>\n<meta property=\"article:modified_time\" content=\"2026-03-19T20:54:09+00:00\" \/>\n<meta property=\"og:image\" content=\"https:\/\/macstylerdz.com\/wp-content\/uploads\/2024\/08\/Untitled-design-17.png\" \/>\n\t<meta property=\"og:image:width\" content=\"1200\" \/>\n\t<meta property=\"og:image:height\" content=\"675\" \/>\n\t<meta property=\"og:image:type\" content=\"image\/png\" \/>\n<meta name=\"twitter:card\" content=\"summary_large_image\" \/>\n<meta name=\"twitter:label1\" content=\"Dur\u00e9e de lecture estim\u00e9e\" \/>\n\t<meta name=\"twitter:data1\" content=\"1 minute\" \/>\n<script type=\"application\/ld+json\" class=\"yoast-schema-graph\">{\"@context\":\"https:\\\/\\\/schema.org\",\"@graph\":[{\"@type\":\"WebPage\",\"@id\":\"https:\\\/\\\/macstylerdz.com\\\/?product=lisseur-mc-5590\",\"url\":\"https:\\\/\\\/macstylerdz.com\\\/?product=lisseur-mc-5590\",\"name\":\"Lisseur Digital plaques titanium \u2013 480 F\u00b0 \u2013 Rouge - MAC STYLER DZ\",\"isPartOf\":{\"@id\":\"https:\\\/\\\/macstylerdz.com\\\/#website\"},\"primaryImageOfPage\":{\"@id\":\"https:\\\/\\\/macstylerdz.com\\\/?product=lisseur-mc-5590#primaryimage\"},\"image\":{\"@id\":\"https:\\\/\\\/macstylerdz.com\\\/?product=lisseur-mc-5590#primaryimage\"},\"thumbnailUrl\":\"https:\\\/\\\/macstylerdz.com\\\/wp-content\\\/uploads\\\/2024\\\/07\\\/H1fa0021807a94a4ca52ac793283ce77bh.avif\",\"datePublished\":\"2024-07-10T09:53:48+00:00\",\"dateModified\":\"2026-03-19T20:54:09+00:00\",\"description\":\"Nouvelle collection des lisseurs haut de gamme MAC STYLER 2024, qui r\u00e9volutionnera vos coiffures. Reconnu pour sa qualit\u00e9 exceptionnelle, cette nouvelle gamme transformera vos cheveux en un v\u00e9ritable chef-d\u2019\u0153uvre en un rien de temps. En Alg\u00e9rie, profitez des prix attractifs de ces lisseurs MAC STYLER, ainsi que de produits compl\u00e9mentaires comme le boucleur MAC et le s\u00e8che-cheveux MAC, tous con\u00e7us pour r\u00e9pondre \u00e0 vos besoins stylistiques. Que vous choisissiez un lisseur classique, un mod\u00e8le rouge \u00e9clatant, ou l\u2019une des pr\u00e9cieuses brosses MAC, vous trouverez une large s\u00e9lection adapt\u00e9e \u00e0 tous les budgets. Un indispensable pour celles qui recherchent performance et style sans compromis.\",\"breadcrumb\":{\"@id\":\"https:\\\/\\\/macstylerdz.com\\\/?product=lisseur-mc-5590#breadcrumb\"},\"inLanguage\":\"fr-FR\",\"potentialAction\":[{\"@type\":\"ReadAction\",\"target\":[\"https:\\\/\\\/macstylerdz.com\\\/?product=lisseur-mc-5590\"]}]},{\"@type\":\"ImageObject\",\"inLanguage\":\"fr-FR\",\"@id\":\"https:\\\/\\\/macstylerdz.com\\\/?product=lisseur-mc-5590#primaryimage\",\"url\":\"https:\\\/\\\/macstylerdz.com\\\/wp-content\\\/uploads\\\/2024\\\/07\\\/H1fa0021807a94a4ca52ac793283ce77bh.avif\",\"contentUrl\":\"https:\\\/\\\/macstylerdz.com\\\/wp-content\\\/uploads\\\/2024\\\/07\\\/H1fa0021807a94a4ca52ac793283ce77bh.avif\",\"width\":2000,\"height\":2000},{\"@type\":\"BreadcrumbList\",\"@id\":\"https:\\\/\\\/macstylerdz.com\\\/?product=lisseur-mc-5590#breadcrumb\",\"itemListElement\":[{\"@type\":\"ListItem\",\"position\":1,\"name\":\"Home\",\"item\":\"https:\\\/\\\/macstylerdz.com\\\/\"},{\"@type\":\"ListItem\",\"position\":2,\"name\":\"Products\",\"item\":\"https:\\\/\\\/macstylerdz.com\\\/products\\\/\"},{\"@type\":\"ListItem\",\"position\":3,\"name\":\"Lisseur Digital plaques titanium \u2013 480 F\u00b0 \u2013 Rouge\"}]},{\"@type\":\"WebSite\",\"@id\":\"https:\\\/\\\/macstylerdz.com\\\/#website\",\"url\":\"https:\\\/\\\/macstylerdz.com\\\/\",\"name\":\"MAC STYLER DZ\",\"description\":\"Achetez les appareils et les outils de coiffure de la marque Mac Styler sur le site officiel en Alg\u00e9rie.\",\"publisher\":{\"@id\":\"https:\\\/\\\/macstylerdz.com\\\/#organization\"},\"alternateName\":\"macstyler\",\"potentialAction\":[{\"@type\":\"SearchAction\",\"target\":{\"@type\":\"EntryPoint\",\"urlTemplate\":\"https:\\\/\\\/macstylerdz.com\\\/?s={search_term_string}\"},\"query-input\":{\"@type\":\"PropertyValueSpecification\",\"valueRequired\":true,\"valueName\":\"search_term_string\"}}],\"inLanguage\":\"fr-FR\"},{\"@type\":\"Organization\",\"@id\":\"https:\\\/\\\/macstylerdz.com\\\/#organization\",\"name\":\"MAC STYLER DZ\",\"alternateName\":\"MAC STYLER ALGERIE\",\"url\":\"https:\\\/\\\/macstylerdz.com\\\/\",\"logo\":{\"@type\":\"ImageObject\",\"inLanguage\":\"fr-FR\",\"@id\":\"https:\\\/\\\/macstylerdz.com\\\/#\\\/schema\\\/logo\\\/image\\\/\",\"url\":\"https:\\\/\\\/macstylerdz.com\\\/wp-content\\\/uploads\\\/2024\\\/08\\\/MAC-STYLER-C.jpg\",\"contentUrl\":\"https:\\\/\\\/macstylerdz.com\\\/wp-content\\\/uploads\\\/2024\\\/08\\\/MAC-STYLER-C.jpg\",\"width\":500,\"height\":500,\"caption\":\"MAC STYLER DZ\"},\"image\":{\"@id\":\"https:\\\/\\\/macstylerdz.com\\\/#\\\/schema\\\/logo\\\/image\\\/\"},\"sameAs\":[\"https:\\\/\\\/www.facebook.com\\\/lisseur\\\/\",\"https:\\\/\\\/www.instagram.com\\\/dzmacshop\\\/\",\"https:\\\/\\\/www.tiktok.com\\\/@mac..styler\"]}]}<\/script>\n<!-- \/ Yoast SEO plugin. -->","yoast_head_json":{"title":"Lisseur Digital plaques titanium \u2013 480 F\u00b0 \u2013 Rouge - MAC STYLER DZ","description":"Nouvelle collection des lisseurs haut de gamme MAC STYLER 2024, qui r\u00e9volutionnera vos coiffures. Reconnu pour sa qualit\u00e9 exceptionnelle, cette nouvelle gamme transformera vos cheveux en un v\u00e9ritable chef-d\u2019\u0153uvre en un rien de temps. En Alg\u00e9rie, profitez des prix attractifs de ces lisseurs MAC STYLER, ainsi que de produits compl\u00e9mentaires comme le boucleur MAC et le s\u00e8che-cheveux MAC, tous con\u00e7us pour r\u00e9pondre \u00e0 vos besoins stylistiques. Que vous choisissiez un lisseur classique, un mod\u00e8le rouge \u00e9clatant, ou l\u2019une des pr\u00e9cieuses brosses MAC, vous trouverez une large s\u00e9lection adapt\u00e9e \u00e0 tous les budgets. Un indispensable pour celles qui recherchent performance et style sans compromis.","robots":{"index":"index","follow":"follow","max-snippet":"max-snippet:-1","max-image-preview":"max-image-preview:large","max-video-preview":"max-video-preview:-1"},"canonical":"https:\/\/macstylerdz.com\/?product=lisseur-mc-5590","og_locale":"fr_FR","og_type":"article","og_title":"Lisseur Digital plaques titanium \u2013 480 F\u00b0 \u2013 Rouge - MAC STYLER DZ","og_description":"Nouvelle collection des lisseurs haut de gamme MAC STYLER 2024, qui r\u00e9volutionnera vos coiffures. Reconnu pour sa qualit\u00e9 exceptionnelle, cette nouvelle gamme transformera vos cheveux en un v\u00e9ritable chef-d\u2019\u0153uvre en un rien de temps. En Alg\u00e9rie, profitez des prix attractifs de ces lisseurs MAC STYLER, ainsi que de produits compl\u00e9mentaires comme le boucleur MAC et le s\u00e8che-cheveux MAC, tous con\u00e7us pour r\u00e9pondre \u00e0 vos besoins stylistiques. Que vous choisissiez un lisseur classique, un mod\u00e8le rouge \u00e9clatant, ou l\u2019une des pr\u00e9cieuses brosses MAC, vous trouverez une large s\u00e9lection adapt\u00e9e \u00e0 tous les budgets. Un indispensable pour celles qui recherchent performance et style sans compromis.","og_url":"https:\/\/macstylerdz.com\/?product=lisseur-mc-5590","og_site_name":"MAC STYLER DZ","article_publisher":"https:\/\/www.facebook.com\/lisseur\/","article_modified_time":"2026-03-19T20:54:09+00:00","og_image":[{"width":1200,"height":675,"url":"https:\/\/macstylerdz.com\/wp-content\/uploads\/2024\/08\/Untitled-design-17.png","type":"image\/png"}],"twitter_card":"summary_large_image","twitter_misc":{"Dur\u00e9e de lecture estim\u00e9e":"1 minute"},"schema":{"@context":"https:\/\/schema.org","@graph":[{"@type":"WebPage","@id":"https:\/\/macstylerdz.com\/?product=lisseur-mc-5590","url":"https:\/\/macstylerdz.com\/?product=lisseur-mc-5590","name":"Lisseur Digital plaques titanium \u2013 480 F\u00b0 \u2013 Rouge - MAC STYLER DZ","isPartOf":{"@id":"https:\/\/macstylerdz.com\/#website"},"primaryImageOfPage":{"@id":"https:\/\/macstylerdz.com\/?product=lisseur-mc-5590#primaryimage"},"image":{"@id":"https:\/\/macstylerdz.com\/?product=lisseur-mc-5590#primaryimage"},"thumbnailUrl":"https:\/\/macstylerdz.com\/wp-content\/uploads\/2024\/07\/H1fa0021807a94a4ca52ac793283ce77bh.avif","datePublished":"2024-07-10T09:53:48+00:00","dateModified":"2026-03-19T20:54:09+00:00","description":"Nouvelle collection des lisseurs haut de gamme MAC STYLER 2024, qui r\u00e9volutionnera vos coiffures. Reconnu pour sa qualit\u00e9 exceptionnelle, cette nouvelle gamme transformera vos cheveux en un v\u00e9ritable chef-d\u2019\u0153uvre en un rien de temps. En Alg\u00e9rie, profitez des prix attractifs de ces lisseurs MAC STYLER, ainsi que de produits compl\u00e9mentaires comme le boucleur MAC et le s\u00e8che-cheveux MAC, tous con\u00e7us pour r\u00e9pondre \u00e0 vos besoins stylistiques. Que vous choisissiez un lisseur classique, un mod\u00e8le rouge \u00e9clatant, ou l\u2019une des pr\u00e9cieuses brosses MAC, vous trouverez une large s\u00e9lection adapt\u00e9e \u00e0 tous les budgets. Un indispensable pour celles qui recherchent performance et style sans compromis.","breadcrumb":{"@id":"https:\/\/macstylerdz.com\/?product=lisseur-mc-5590#breadcrumb"},"inLanguage":"fr-FR","potentialAction":[{"@type":"ReadAction","target":["https:\/\/macstylerdz.com\/?product=lisseur-mc-5590"]}]},{"@type":"ImageObject","inLanguage":"fr-FR","@id":"https:\/\/macstylerdz.com\/?product=lisseur-mc-5590#primaryimage","url":"https:\/\/macstylerdz.com\/wp-content\/uploads\/2024\/07\/H1fa0021807a94a4ca52ac793283ce77bh.avif","contentUrl":"https:\/\/macstylerdz.com\/wp-content\/uploads\/2024\/07\/H1fa0021807a94a4ca52ac793283ce77bh.avif","width":2000,"height":2000},{"@type":"BreadcrumbList","@id":"https:\/\/macstylerdz.com\/?product=lisseur-mc-5590#breadcrumb","itemListElement":[{"@type":"ListItem","position":1,"name":"Home","item":"https:\/\/macstylerdz.com\/"},{"@type":"ListItem","position":2,"name":"Products","item":"https:\/\/macstylerdz.com\/products\/"},{"@type":"ListItem","position":3,"name":"Lisseur Digital plaques titanium \u2013 480 F\u00b0 \u2013 Rouge"}]},{"@type":"WebSite","@id":"https:\/\/macstylerdz.com\/#website","url":"https:\/\/macstylerdz.com\/","name":"MAC STYLER DZ","description":"Achetez les appareils et les outils de coiffure de la marque Mac Styler sur le site officiel en Alg\u00e9rie.","publisher":{"@id":"https:\/\/macstylerdz.com\/#organization"},"alternateName":"macstyler","potentialAction":[{"@type":"SearchAction","target":{"@type":"EntryPoint","urlTemplate":"https:\/\/macstylerdz.com\/?s={search_term_string}"},"query-input":{"@type":"PropertyValueSpecification","valueRequired":true,"valueName":"search_term_string"}}],"inLanguage":"fr-FR"},{"@type":"Organization","@id":"https:\/\/macstylerdz.com\/#organization","name":"MAC STYLER DZ","alternateName":"MAC STYLER ALGERIE","url":"https:\/\/macstylerdz.com\/","logo":{"@type":"ImageObject","inLanguage":"fr-FR","@id":"https:\/\/macstylerdz.com\/#\/schema\/logo\/image\/","url":"https:\/\/macstylerdz.com\/wp-content\/uploads\/2024\/08\/MAC-STYLER-C.jpg","contentUrl":"https:\/\/macstylerdz.com\/wp-content\/uploads\/2024\/08\/MAC-STYLER-C.jpg","width":500,"height":500,"caption":"MAC STYLER DZ"},"image":{"@id":"https:\/\/macstylerdz.com\/#\/schema\/logo\/image\/"},"sameAs":["https:\/\/www.facebook.com\/lisseur\/","https:\/\/www.instagram.com\/dzmacshop\/","https:\/\/www.tiktok.com\/@mac..styler"]}]}},"jetpack_sharing_enabled":true,"_links":{"self":[{"href":"https:\/\/macstylerdz.com\/index.php?rest_route=\/wp\/v2\/product\/2819","targetHints":{"allow":["GET"]}}],"collection":[{"href":"https:\/\/macstylerdz.com\/index.php?rest_route=\/wp\/v2\/product"}],"about":[{"href":"https:\/\/macstylerdz.com\/index.php?rest_route=\/wp\/v2\/types\/product"}],"replies":[{"embeddable":true,"href":"https:\/\/macstylerdz.com\/index.php?rest_route=%2Fwp%2Fv2%2Fcomments&post=2819"}],"wp:featuredmedia":[{"embeddable":true,"href":"https:\/\/macstylerdz.com\/index.php?rest_route=\/wp\/v2\/media\/2826"}],"wp:attachment":[{"href":"https:\/\/macstylerdz.com\/index.php?rest_route=%2Fwp%2Fv2%2Fmedia&parent=2819"}],"wp:term":[{"taxonomy":"product_brand","embeddable":true,"href":"https:\/\/macstylerdz.com\/index.php?rest_route=%2Fwp%2Fv2%2Fproduct_brand&post=2819"},{"taxonomy":"product_cat","embeddable":true,"href":"https:\/\/macstylerdz.com\/index.php?rest_route=%2Fwp%2Fv2%2Fproduct_cat&post=2819"},{"taxonomy":"product_tag","embeddable":true,"href":"https:\/\/macstylerdz.com\/index.php?rest_route=%2Fwp%2Fv2%2Fproduct_tag&post=2819"}],"curies":[{"name":"wp","href":"https:\/\/api.w.org\/{rel}","templated":true}]}}