{"id":1749,"date":"2024-06-25T00:01:52","date_gmt":"2024-06-25T00:01:52","guid":{"rendered":"https:\/\/macstylerdz.com\/?post_type=product&#038;p=1749"},"modified":"2026-04-08T10:09:30","modified_gmt":"2026-04-08T10:09:30","slug":"tondeuse-mc-8012","status":"publish","type":"product","link":"https:\/\/macstylerdz.com\/?product=tondeuse-mc-8012","title":{"rendered":"Tondeuse Et Rasoir Homme 7 En 1 Barbe Et Cheveux -Sec\/ Humide &#8211; Marron"},"content":{"rendered":"<p style=\"text-align: left;\"><b>Tondeuse et Rasoir Homme\u00a0<\/b><b>7 en 1\u00a0<\/b><b>Barbe et Cheveux\u00a0<\/b>&#8211;<b>Sec\/\u00a0Humide-<\/b>la Tondeuse id\u00e9ale pour homme avec lame durable de haute qualit\u00e9 offre des bords pr\u00e9cis.\u00a0Coupe de cheveux parfaite.Ensemble complet avec bo\u00eete: Une tondeuse \u00e0 cheveux\u00a0 r\u00e9pond \u00e0 tous vos besoins en mati\u00e8re de beaut\u00e9\u00a02 peignes 1 peigne r\u00e9glable pour tous les types de cheveux. Tous les outils sont adapt\u00e9s pour une utilisation en toute s\u00e9curit\u00e9 par les adultes et les enfantsFonctionnement sans fil: La tondeuse sans fil peut \u00eatre utilis\u00e9e lorsque vous \u00eates connect\u00e9. Convient pour les coupes de cheveux en famille et les coiffeurs professionnels. La batterie rechargeable longue dur\u00e9e a une dur\u00e9e de travail de 120 minutes . Cela lui permet d&rsquo;\u00eatre utilis\u00e9 \u00e0 tout moment, n&rsquo;importe o\u00f9.<\/p>\n","protected":false},"excerpt":{"rendered":"<p>Mod\u00e8le : MC-8012<\/p>\n<p>1- Tondeuse 7 en 1 pour hommes, adapt\u00e9e pour la coupe de cheveux et la barbe, avec une lame durable offrant des bords pr\u00e9cis.<br \/>\n2- Ensemble complet avec deux peignes et un peigne r\u00e9glable, r\u00e9pondant \u00e0 tous les besoins de coiffure pour adultes et enfants.<br \/>\n3- Fonctionnement sans fil avec une batterie rechargeable offrant une autonomie de 120 minutes, id\u00e9ale pour une utilisation en famille ou par des professionnels.<br \/>\n4- Convient pour une utilisation sur cheveux secs ou humides, garantissant des coupes parfaites dans toutes les conditions.<\/p>\n","protected":false},"featured_media":2648,"comment_status":"open","ping_status":"closed","template":"","meta":[],"product_brand":[446],"product_cat":[34],"product_tag":[373],"class_list":{"0":"post-1749","1":"product","2":"type-product","3":"status-publish","4":"has-post-thumbnail","6":"product_brand-mac-styler-boutique-enligne-acheter","7":"product_cat-tondeuse-accessoires","8":"product_tag-tondeuses-mac-styler-mc-8012","10":"first","11":"instock","12":"taxable","13":"shipping-taxable","14":"purchasable","15":"product-type-simple"},"yoast_head":"<!-- This site is optimized with the Yoast SEO plugin v27.5 - https:\/\/yoast.com\/product\/yoast-seo-wordpress\/ -->\n<title>Tondeuse Et Rasoir Homme 7 En 1 Barbe Et Cheveux -Sec\/ Humide - Marron - MAC STYLER DZ<\/title>\n<meta name=\"robots\" content=\"index, follow, max-snippet:-1, max-image-preview:large, max-video-preview:-1\" \/>\n<link rel=\"canonical\" href=\"https:\/\/macstylerdz.com\/?product=tondeuse-mc-8012\" \/>\n<meta property=\"og:locale\" content=\"fr_FR\" \/>\n<meta property=\"og:type\" content=\"article\" \/>\n<meta property=\"og:title\" content=\"Tondeuse Et Rasoir Homme 7 En 1 Barbe Et Cheveux -Sec\/ Humide - Marron - MAC STYLER DZ\" \/>\n<meta property=\"og:description\" content=\"Mod\u00e8le : MC-8012  1- Tondeuse 7 en 1 pour hommes, adapt\u00e9e pour la coupe de cheveux et la barbe, avec une lame durable offrant des bords pr\u00e9cis. 2- Ensemble complet avec deux peignes et un peigne r\u00e9glable, r\u00e9pondant \u00e0 tous les besoins de coiffure pour adultes et enfants. 3- Fonctionnement sans fil avec une batterie rechargeable offrant une autonomie de 120 minutes, id\u00e9ale pour une utilisation en famille ou par des professionnels. 4- Convient pour une utilisation sur cheveux secs ou humides, garantissant des coupes parfaites dans toutes les conditions.\" \/>\n<meta property=\"og:url\" content=\"https:\/\/macstylerdz.com\/?product=tondeuse-mc-8012\" \/>\n<meta property=\"og:site_name\" content=\"MAC STYLER DZ\" \/>\n<meta property=\"article:publisher\" content=\"https:\/\/www.facebook.com\/lisseur\/\" \/>\n<meta property=\"article:modified_time\" content=\"2026-04-08T10:09:30+00:00\" \/>\n<meta property=\"og:image\" content=\"https:\/\/macstylerdz.com\/wp-content\/uploads\/2024\/08\/Untitled-design-17.png\" \/>\n\t<meta property=\"og:image:width\" content=\"1200\" \/>\n\t<meta property=\"og:image:height\" content=\"675\" \/>\n\t<meta property=\"og:image:type\" content=\"image\/png\" \/>\n<meta name=\"twitter:card\" content=\"summary_large_image\" \/>\n<meta name=\"twitter:label1\" content=\"Dur\u00e9e de lecture estim\u00e9e\" \/>\n\t<meta name=\"twitter:data1\" content=\"1 minute\" \/>\n<script type=\"application\/ld+json\" class=\"yoast-schema-graph\">{\"@context\":\"https:\\\/\\\/schema.org\",\"@graph\":[{\"@type\":\"WebPage\",\"@id\":\"https:\\\/\\\/macstylerdz.com\\\/?product=tondeuse-mc-8012\",\"url\":\"https:\\\/\\\/macstylerdz.com\\\/?product=tondeuse-mc-8012\",\"name\":\"Tondeuse Et Rasoir Homme 7 En 1 Barbe Et Cheveux -Sec\\\/ Humide - Marron - MAC STYLER DZ\",\"isPartOf\":{\"@id\":\"https:\\\/\\\/macstylerdz.com\\\/#website\"},\"primaryImageOfPage\":{\"@id\":\"https:\\\/\\\/macstylerdz.com\\\/?product=tondeuse-mc-8012#primaryimage\"},\"image\":{\"@id\":\"https:\\\/\\\/macstylerdz.com\\\/?product=tondeuse-mc-8012#primaryimage\"},\"thumbnailUrl\":\"https:\\\/\\\/macstylerdz.com\\\/wp-content\\\/uploads\\\/2024\\\/06\\\/Hf3e0af5939d149cebc3a16c98f41aff4r.avif\",\"datePublished\":\"2024-06-25T00:01:52+00:00\",\"dateModified\":\"2026-04-08T10:09:30+00:00\",\"breadcrumb\":{\"@id\":\"https:\\\/\\\/macstylerdz.com\\\/?product=tondeuse-mc-8012#breadcrumb\"},\"inLanguage\":\"fr-FR\",\"potentialAction\":[{\"@type\":\"ReadAction\",\"target\":[\"https:\\\/\\\/macstylerdz.com\\\/?product=tondeuse-mc-8012\"]}]},{\"@type\":\"ImageObject\",\"inLanguage\":\"fr-FR\",\"@id\":\"https:\\\/\\\/macstylerdz.com\\\/?product=tondeuse-mc-8012#primaryimage\",\"url\":\"https:\\\/\\\/macstylerdz.com\\\/wp-content\\\/uploads\\\/2024\\\/06\\\/Hf3e0af5939d149cebc3a16c98f41aff4r.avif\",\"contentUrl\":\"https:\\\/\\\/macstylerdz.com\\\/wp-content\\\/uploads\\\/2024\\\/06\\\/Hf3e0af5939d149cebc3a16c98f41aff4r.avif\",\"width\":2000,\"height\":2000},{\"@type\":\"BreadcrumbList\",\"@id\":\"https:\\\/\\\/macstylerdz.com\\\/?product=tondeuse-mc-8012#breadcrumb\",\"itemListElement\":[{\"@type\":\"ListItem\",\"position\":1,\"name\":\"Home\",\"item\":\"https:\\\/\\\/macstylerdz.com\\\/\"},{\"@type\":\"ListItem\",\"position\":2,\"name\":\"Products\",\"item\":\"https:\\\/\\\/macstylerdz.com\\\/products\\\/\"},{\"@type\":\"ListItem\",\"position\":3,\"name\":\"Tondeuse Et Rasoir Homme 7 En 1 Barbe Et Cheveux -Sec\\\/ Humide &#8211; Marron\"}]},{\"@type\":\"WebSite\",\"@id\":\"https:\\\/\\\/macstylerdz.com\\\/#website\",\"url\":\"https:\\\/\\\/macstylerdz.com\\\/\",\"name\":\"MAC STYLER DZ\",\"description\":\"Achetez les appareils et les outils de coiffure de la marque Mac Styler sur le site officiel en Alg\u00e9rie.\",\"publisher\":{\"@id\":\"https:\\\/\\\/macstylerdz.com\\\/#organization\"},\"alternateName\":\"macstyler\",\"potentialAction\":[{\"@type\":\"SearchAction\",\"target\":{\"@type\":\"EntryPoint\",\"urlTemplate\":\"https:\\\/\\\/macstylerdz.com\\\/?s={search_term_string}\"},\"query-input\":{\"@type\":\"PropertyValueSpecification\",\"valueRequired\":true,\"valueName\":\"search_term_string\"}}],\"inLanguage\":\"fr-FR\"},{\"@type\":\"Organization\",\"@id\":\"https:\\\/\\\/macstylerdz.com\\\/#organization\",\"name\":\"MAC STYLER DZ\",\"alternateName\":\"MAC STYLER ALGERIE\",\"url\":\"https:\\\/\\\/macstylerdz.com\\\/\",\"logo\":{\"@type\":\"ImageObject\",\"inLanguage\":\"fr-FR\",\"@id\":\"https:\\\/\\\/macstylerdz.com\\\/#\\\/schema\\\/logo\\\/image\\\/\",\"url\":\"https:\\\/\\\/macstylerdz.com\\\/wp-content\\\/uploads\\\/2024\\\/08\\\/MAC-STYLER-C.jpg\",\"contentUrl\":\"https:\\\/\\\/macstylerdz.com\\\/wp-content\\\/uploads\\\/2024\\\/08\\\/MAC-STYLER-C.jpg\",\"width\":500,\"height\":500,\"caption\":\"MAC STYLER DZ\"},\"image\":{\"@id\":\"https:\\\/\\\/macstylerdz.com\\\/#\\\/schema\\\/logo\\\/image\\\/\"},\"sameAs\":[\"https:\\\/\\\/www.facebook.com\\\/lisseur\\\/\",\"https:\\\/\\\/www.instagram.com\\\/dzmacshop\\\/\",\"https:\\\/\\\/www.tiktok.com\\\/@mac..styler\"]}]}<\/script>\n<!-- \/ Yoast SEO plugin. -->","yoast_head_json":{"title":"Tondeuse Et Rasoir Homme 7 En 1 Barbe Et Cheveux -Sec\/ Humide - Marron - MAC STYLER DZ","robots":{"index":"index","follow":"follow","max-snippet":"max-snippet:-1","max-image-preview":"max-image-preview:large","max-video-preview":"max-video-preview:-1"},"canonical":"https:\/\/macstylerdz.com\/?product=tondeuse-mc-8012","og_locale":"fr_FR","og_type":"article","og_title":"Tondeuse Et Rasoir Homme 7 En 1 Barbe Et Cheveux -Sec\/ Humide - Marron - MAC STYLER DZ","og_description":"Mod\u00e8le : MC-8012  1- Tondeuse 7 en 1 pour hommes, adapt\u00e9e pour la coupe de cheveux et la barbe, avec une lame durable offrant des bords pr\u00e9cis. 2- Ensemble complet avec deux peignes et un peigne r\u00e9glable, r\u00e9pondant \u00e0 tous les besoins de coiffure pour adultes et enfants. 3- Fonctionnement sans fil avec une batterie rechargeable offrant une autonomie de 120 minutes, id\u00e9ale pour une utilisation en famille ou par des professionnels. 4- Convient pour une utilisation sur cheveux secs ou humides, garantissant des coupes parfaites dans toutes les conditions.","og_url":"https:\/\/macstylerdz.com\/?product=tondeuse-mc-8012","og_site_name":"MAC STYLER DZ","article_publisher":"https:\/\/www.facebook.com\/lisseur\/","article_modified_time":"2026-04-08T10:09:30+00:00","og_image":[{"width":1200,"height":675,"url":"https:\/\/macstylerdz.com\/wp-content\/uploads\/2024\/08\/Untitled-design-17.png","type":"image\/png"}],"twitter_card":"summary_large_image","twitter_misc":{"Dur\u00e9e de lecture estim\u00e9e":"1 minute"},"schema":{"@context":"https:\/\/schema.org","@graph":[{"@type":"WebPage","@id":"https:\/\/macstylerdz.com\/?product=tondeuse-mc-8012","url":"https:\/\/macstylerdz.com\/?product=tondeuse-mc-8012","name":"Tondeuse Et Rasoir Homme 7 En 1 Barbe Et Cheveux -Sec\/ Humide - Marron - MAC STYLER DZ","isPartOf":{"@id":"https:\/\/macstylerdz.com\/#website"},"primaryImageOfPage":{"@id":"https:\/\/macstylerdz.com\/?product=tondeuse-mc-8012#primaryimage"},"image":{"@id":"https:\/\/macstylerdz.com\/?product=tondeuse-mc-8012#primaryimage"},"thumbnailUrl":"https:\/\/macstylerdz.com\/wp-content\/uploads\/2024\/06\/Hf3e0af5939d149cebc3a16c98f41aff4r.avif","datePublished":"2024-06-25T00:01:52+00:00","dateModified":"2026-04-08T10:09:30+00:00","breadcrumb":{"@id":"https:\/\/macstylerdz.com\/?product=tondeuse-mc-8012#breadcrumb"},"inLanguage":"fr-FR","potentialAction":[{"@type":"ReadAction","target":["https:\/\/macstylerdz.com\/?product=tondeuse-mc-8012"]}]},{"@type":"ImageObject","inLanguage":"fr-FR","@id":"https:\/\/macstylerdz.com\/?product=tondeuse-mc-8012#primaryimage","url":"https:\/\/macstylerdz.com\/wp-content\/uploads\/2024\/06\/Hf3e0af5939d149cebc3a16c98f41aff4r.avif","contentUrl":"https:\/\/macstylerdz.com\/wp-content\/uploads\/2024\/06\/Hf3e0af5939d149cebc3a16c98f41aff4r.avif","width":2000,"height":2000},{"@type":"BreadcrumbList","@id":"https:\/\/macstylerdz.com\/?product=tondeuse-mc-8012#breadcrumb","itemListElement":[{"@type":"ListItem","position":1,"name":"Home","item":"https:\/\/macstylerdz.com\/"},{"@type":"ListItem","position":2,"name":"Products","item":"https:\/\/macstylerdz.com\/products\/"},{"@type":"ListItem","position":3,"name":"Tondeuse Et Rasoir Homme 7 En 1 Barbe Et Cheveux -Sec\/ Humide &#8211; Marron"}]},{"@type":"WebSite","@id":"https:\/\/macstylerdz.com\/#website","url":"https:\/\/macstylerdz.com\/","name":"MAC STYLER DZ","description":"Achetez les appareils et les outils de coiffure de la marque Mac Styler sur le site officiel en Alg\u00e9rie.","publisher":{"@id":"https:\/\/macstylerdz.com\/#organization"},"alternateName":"macstyler","potentialAction":[{"@type":"SearchAction","target":{"@type":"EntryPoint","urlTemplate":"https:\/\/macstylerdz.com\/?s={search_term_string}"},"query-input":{"@type":"PropertyValueSpecification","valueRequired":true,"valueName":"search_term_string"}}],"inLanguage":"fr-FR"},{"@type":"Organization","@id":"https:\/\/macstylerdz.com\/#organization","name":"MAC STYLER DZ","alternateName":"MAC STYLER ALGERIE","url":"https:\/\/macstylerdz.com\/","logo":{"@type":"ImageObject","inLanguage":"fr-FR","@id":"https:\/\/macstylerdz.com\/#\/schema\/logo\/image\/","url":"https:\/\/macstylerdz.com\/wp-content\/uploads\/2024\/08\/MAC-STYLER-C.jpg","contentUrl":"https:\/\/macstylerdz.com\/wp-content\/uploads\/2024\/08\/MAC-STYLER-C.jpg","width":500,"height":500,"caption":"MAC STYLER DZ"},"image":{"@id":"https:\/\/macstylerdz.com\/#\/schema\/logo\/image\/"},"sameAs":["https:\/\/www.facebook.com\/lisseur\/","https:\/\/www.instagram.com\/dzmacshop\/","https:\/\/www.tiktok.com\/@mac..styler"]}]}},"jetpack_sharing_enabled":true,"_links":{"self":[{"href":"https:\/\/macstylerdz.com\/index.php?rest_route=\/wp\/v2\/product\/1749","targetHints":{"allow":["GET"]}}],"collection":[{"href":"https:\/\/macstylerdz.com\/index.php?rest_route=\/wp\/v2\/product"}],"about":[{"href":"https:\/\/macstylerdz.com\/index.php?rest_route=\/wp\/v2\/types\/product"}],"replies":[{"embeddable":true,"href":"https:\/\/macstylerdz.com\/index.php?rest_route=%2Fwp%2Fv2%2Fcomments&post=1749"}],"wp:featuredmedia":[{"embeddable":true,"href":"https:\/\/macstylerdz.com\/index.php?rest_route=\/wp\/v2\/media\/2648"}],"wp:attachment":[{"href":"https:\/\/macstylerdz.com\/index.php?rest_route=%2Fwp%2Fv2%2Fmedia&parent=1749"}],"wp:term":[{"taxonomy":"product_brand","embeddable":true,"href":"https:\/\/macstylerdz.com\/index.php?rest_route=%2Fwp%2Fv2%2Fproduct_brand&post=1749"},{"taxonomy":"product_cat","embeddable":true,"href":"https:\/\/macstylerdz.com\/index.php?rest_route=%2Fwp%2Fv2%2Fproduct_cat&post=1749"},{"taxonomy":"product_tag","embeddable":true,"href":"https:\/\/macstylerdz.com\/index.php?rest_route=%2Fwp%2Fv2%2Fproduct_tag&post=1749"}],"curies":[{"name":"wp","href":"https:\/\/api.w.org\/{rel}","templated":true}]}}