{"id":1444,"date":"2024-06-24T23:35:18","date_gmt":"2024-06-24T23:35:18","guid":{"rendered":"https:\/\/macstylerdz.com\/?post_type=product&#038;p=1444"},"modified":"2024-09-03T09:11:58","modified_gmt":"2024-09-03T09:11:58","slug":"seche-cheveux-mc-6622","status":"publish","type":"product","link":"https:\/\/macstylerdz.com\/?product=seche-cheveux-mc-6622","title":{"rendered":"S\u00e8che Cheveux Professionnel &#8211; Turbo Ionic &#8211;"},"content":{"rendered":"<div dir=\"auto\">\n<h4 dir=\"auto\">S\u00e8che Cheveux Professionnel &#8211; turbo IonicCe s\u00e8che-cheveux d&rsquo;une puissance de silence poss\u00e8de 2 positions de temp\u00e9ratures et vitesses pour s\u00e9cher votre chevelure et r\u00e9aliser des brushings selon vos pr\u00e9f\u00e9rences.Le S\u00e8che Cheveux Professionnel Salon dispose de la technologie ionique pour des cheveux brillants et sans frisottis.<\/h4>\n<\/div>\n","protected":false},"excerpt":{"rendered":"<p>Mod\u00e8le : MC-6622<\/p>\n<ul>\n<li>Type de produit : S\u00e8che cheveux<\/li>\n<li>Mat\u00e9riel : ABS en plastique<\/li>\n<li>Couleur : Blanc<\/li>\n<li>Qualit\u00e9 : Professionnelle<\/li>\n<li>R\u00e9glage de la vitesse : Interrupteur \u00e0 vent froid et \u00e0 air chaud, 2 r\u00e9glage de la vitesse<\/li>\n<\/ul>\n","protected":false},"featured_media":3443,"comment_status":"open","ping_status":"closed","template":"","meta":[],"product_brand":[],"product_cat":[31],"product_tag":[356],"class_list":{"0":"post-1444","1":"product","2":"type-product","3":"status-publish","4":"has-post-thumbnail","6":"product_cat-seche-cheveux-accessoires","7":"product_tag-seche-cheveux-mac-styler-mc-6622","9":"first","10":"instock","11":"taxable","12":"shipping-taxable","13":"purchasable","14":"product-type-simple"},"yoast_head":"<!-- This site is optimized with the Yoast SEO plugin v27.5 - https:\/\/yoast.com\/product\/yoast-seo-wordpress\/ -->\n<title>S\u00e8che Cheveux Professionnel - Turbo Ionic - MAC STYLER DZ<\/title>\n<meta name=\"robots\" content=\"index, follow, max-snippet:-1, max-image-preview:large, max-video-preview:-1\" \/>\n<link rel=\"canonical\" href=\"https:\/\/macstylerdz.com\/produit\/seche-cheveux-mc-6622\/\" \/>\n<meta property=\"og:locale\" content=\"fr_FR\" \/>\n<meta property=\"og:type\" content=\"article\" \/>\n<meta property=\"og:title\" content=\"S\u00e8che Cheveux Professionnel - Turbo Ionic - MAC STYLER DZ\" \/>\n<meta property=\"og:description\" content=\"Mod\u00e8le : MC-6622   Type de produit : S\u00e8che cheveux  Mat\u00e9riel : ABS en plastique  Couleur : Blanc  Qualit\u00e9 : Professionnelle  R\u00e9glage de la vitesse : Interrupteur \u00e0 vent froid et \u00e0 air chaud, 2 r\u00e9glage de la vitesse\" \/>\n<meta property=\"og:url\" content=\"https:\/\/macstylerdz.com\/produit\/seche-cheveux-mc-6622\/\" \/>\n<meta property=\"og:site_name\" content=\"MAC STYLER DZ\" \/>\n<meta property=\"article:publisher\" content=\"https:\/\/www.facebook.com\/lisseur\/\" \/>\n<meta property=\"article:modified_time\" content=\"2024-09-03T09:11:58+00:00\" \/>\n<meta property=\"og:image\" content=\"https:\/\/macstylerdz.com\/wp-content\/uploads\/2024\/06\/imgdownloader.com-20240713193619012121.webp\" \/>\n\t<meta property=\"og:image:width\" content=\"2000\" \/>\n\t<meta property=\"og:image:height\" content=\"2000\" \/>\n\t<meta property=\"og:image:type\" content=\"image\/webp\" \/>\n<meta name=\"twitter:card\" content=\"summary_large_image\" \/>\n<meta name=\"twitter:label1\" content=\"Dur\u00e9e de lecture estim\u00e9e\" \/>\n\t<meta name=\"twitter:data1\" content=\"1 minute\" \/>\n<script type=\"application\/ld+json\" class=\"yoast-schema-graph\">{\"@context\":\"https:\\\/\\\/schema.org\",\"@graph\":[{\"@type\":\"WebPage\",\"@id\":\"https:\\\/\\\/macstylerdz.com\\\/produit\\\/seche-cheveux-mc-6622\\\/\",\"url\":\"https:\\\/\\\/macstylerdz.com\\\/produit\\\/seche-cheveux-mc-6622\\\/\",\"name\":\"S\u00e8che Cheveux Professionnel - Turbo Ionic - MAC STYLER DZ\",\"isPartOf\":{\"@id\":\"https:\\\/\\\/macstylerdz.com\\\/#website\"},\"primaryImageOfPage\":{\"@id\":\"https:\\\/\\\/macstylerdz.com\\\/produit\\\/seche-cheveux-mc-6622\\\/#primaryimage\"},\"image\":{\"@id\":\"https:\\\/\\\/macstylerdz.com\\\/produit\\\/seche-cheveux-mc-6622\\\/#primaryimage\"},\"thumbnailUrl\":\"https:\\\/\\\/macstylerdz.com\\\/wp-content\\\/uploads\\\/2024\\\/06\\\/imgdownloader.com-20240713193619012121.webp\",\"datePublished\":\"2024-06-24T23:35:18+00:00\",\"dateModified\":\"2024-09-03T09:11:58+00:00\",\"breadcrumb\":{\"@id\":\"https:\\\/\\\/macstylerdz.com\\\/produit\\\/seche-cheveux-mc-6622\\\/#breadcrumb\"},\"inLanguage\":\"fr-FR\",\"potentialAction\":[{\"@type\":\"ReadAction\",\"target\":[\"https:\\\/\\\/macstylerdz.com\\\/produit\\\/seche-cheveux-mc-6622\\\/\"]}]},{\"@type\":\"ImageObject\",\"inLanguage\":\"fr-FR\",\"@id\":\"https:\\\/\\\/macstylerdz.com\\\/produit\\\/seche-cheveux-mc-6622\\\/#primaryimage\",\"url\":\"https:\\\/\\\/macstylerdz.com\\\/wp-content\\\/uploads\\\/2024\\\/06\\\/imgdownloader.com-20240713193619012121.webp\",\"contentUrl\":\"https:\\\/\\\/macstylerdz.com\\\/wp-content\\\/uploads\\\/2024\\\/06\\\/imgdownloader.com-20240713193619012121.webp\",\"width\":2000,\"height\":2000},{\"@type\":\"BreadcrumbList\",\"@id\":\"https:\\\/\\\/macstylerdz.com\\\/produit\\\/seche-cheveux-mc-6622\\\/#breadcrumb\",\"itemListElement\":[{\"@type\":\"ListItem\",\"position\":1,\"name\":\"Home\",\"item\":\"https:\\\/\\\/macstylerdz.com\\\/\"},{\"@type\":\"ListItem\",\"position\":2,\"name\":\"SHOP\",\"item\":\"https:\\\/\\\/macstylerdz.com\\\/\"},{\"@type\":\"ListItem\",\"position\":3,\"name\":\"S\u00e8che Cheveux Professionnel &#8211; Turbo Ionic &#8211;\"}]},{\"@type\":\"WebSite\",\"@id\":\"https:\\\/\\\/macstylerdz.com\\\/#website\",\"url\":\"https:\\\/\\\/macstylerdz.com\\\/\",\"name\":\"MAC STYLER DZ\",\"description\":\"Achetez les appareils et les outils de coiffure de la marque Mac Styler sur le site officiel en Alg\u00e9rie.\",\"publisher\":{\"@id\":\"https:\\\/\\\/macstylerdz.com\\\/#organization\"},\"alternateName\":\"macstyler\",\"potentialAction\":[{\"@type\":\"SearchAction\",\"target\":{\"@type\":\"EntryPoint\",\"urlTemplate\":\"https:\\\/\\\/macstylerdz.com\\\/?s={search_term_string}\"},\"query-input\":{\"@type\":\"PropertyValueSpecification\",\"valueRequired\":true,\"valueName\":\"search_term_string\"}}],\"inLanguage\":\"fr-FR\"},{\"@type\":\"Organization\",\"@id\":\"https:\\\/\\\/macstylerdz.com\\\/#organization\",\"name\":\"MAC STYLER DZ\",\"alternateName\":\"MAC STYLER ALGERIE\",\"url\":\"https:\\\/\\\/macstylerdz.com\\\/\",\"logo\":{\"@type\":\"ImageObject\",\"inLanguage\":\"fr-FR\",\"@id\":\"https:\\\/\\\/macstylerdz.com\\\/#\\\/schema\\\/logo\\\/image\\\/\",\"url\":\"https:\\\/\\\/macstylerdz.com\\\/wp-content\\\/uploads\\\/2024\\\/08\\\/MAC-STYLER-C.jpg\",\"contentUrl\":\"https:\\\/\\\/macstylerdz.com\\\/wp-content\\\/uploads\\\/2024\\\/08\\\/MAC-STYLER-C.jpg\",\"width\":500,\"height\":500,\"caption\":\"MAC STYLER DZ\"},\"image\":{\"@id\":\"https:\\\/\\\/macstylerdz.com\\\/#\\\/schema\\\/logo\\\/image\\\/\"},\"sameAs\":[\"https:\\\/\\\/www.facebook.com\\\/lisseur\\\/\",\"https:\\\/\\\/www.instagram.com\\\/dzmacshop\\\/\",\"https:\\\/\\\/www.tiktok.com\\\/@mac..styler\"]}]}<\/script>\n<!-- \/ Yoast SEO plugin. -->","yoast_head_json":{"title":"S\u00e8che Cheveux Professionnel - Turbo Ionic - MAC STYLER DZ","robots":{"index":"index","follow":"follow","max-snippet":"max-snippet:-1","max-image-preview":"max-image-preview:large","max-video-preview":"max-video-preview:-1"},"canonical":"https:\/\/macstylerdz.com\/produit\/seche-cheveux-mc-6622\/","og_locale":"fr_FR","og_type":"article","og_title":"S\u00e8che Cheveux Professionnel - Turbo Ionic - MAC STYLER DZ","og_description":"Mod\u00e8le : MC-6622   Type de produit : S\u00e8che cheveux  Mat\u00e9riel : ABS en plastique  Couleur : Blanc  Qualit\u00e9 : Professionnelle  R\u00e9glage de la vitesse : Interrupteur \u00e0 vent froid et \u00e0 air chaud, 2 r\u00e9glage de la vitesse","og_url":"https:\/\/macstylerdz.com\/produit\/seche-cheveux-mc-6622\/","og_site_name":"MAC STYLER DZ","article_publisher":"https:\/\/www.facebook.com\/lisseur\/","article_modified_time":"2024-09-03T09:11:58+00:00","og_image":[{"width":2000,"height":2000,"url":"https:\/\/macstylerdz.com\/wp-content\/uploads\/2024\/06\/imgdownloader.com-20240713193619012121.webp","type":"image\/webp"}],"twitter_card":"summary_large_image","twitter_misc":{"Dur\u00e9e de lecture estim\u00e9e":"1 minute"},"schema":{"@context":"https:\/\/schema.org","@graph":[{"@type":"WebPage","@id":"https:\/\/macstylerdz.com\/produit\/seche-cheveux-mc-6622\/","url":"https:\/\/macstylerdz.com\/produit\/seche-cheveux-mc-6622\/","name":"S\u00e8che Cheveux Professionnel - Turbo Ionic - MAC STYLER DZ","isPartOf":{"@id":"https:\/\/macstylerdz.com\/#website"},"primaryImageOfPage":{"@id":"https:\/\/macstylerdz.com\/produit\/seche-cheveux-mc-6622\/#primaryimage"},"image":{"@id":"https:\/\/macstylerdz.com\/produit\/seche-cheveux-mc-6622\/#primaryimage"},"thumbnailUrl":"https:\/\/macstylerdz.com\/wp-content\/uploads\/2024\/06\/imgdownloader.com-20240713193619012121.webp","datePublished":"2024-06-24T23:35:18+00:00","dateModified":"2024-09-03T09:11:58+00:00","breadcrumb":{"@id":"https:\/\/macstylerdz.com\/produit\/seche-cheveux-mc-6622\/#breadcrumb"},"inLanguage":"fr-FR","potentialAction":[{"@type":"ReadAction","target":["https:\/\/macstylerdz.com\/produit\/seche-cheveux-mc-6622\/"]}]},{"@type":"ImageObject","inLanguage":"fr-FR","@id":"https:\/\/macstylerdz.com\/produit\/seche-cheveux-mc-6622\/#primaryimage","url":"https:\/\/macstylerdz.com\/wp-content\/uploads\/2024\/06\/imgdownloader.com-20240713193619012121.webp","contentUrl":"https:\/\/macstylerdz.com\/wp-content\/uploads\/2024\/06\/imgdownloader.com-20240713193619012121.webp","width":2000,"height":2000},{"@type":"BreadcrumbList","@id":"https:\/\/macstylerdz.com\/produit\/seche-cheveux-mc-6622\/#breadcrumb","itemListElement":[{"@type":"ListItem","position":1,"name":"Home","item":"https:\/\/macstylerdz.com\/"},{"@type":"ListItem","position":2,"name":"SHOP","item":"https:\/\/macstylerdz.com\/"},{"@type":"ListItem","position":3,"name":"S\u00e8che Cheveux Professionnel &#8211; Turbo Ionic &#8211;"}]},{"@type":"WebSite","@id":"https:\/\/macstylerdz.com\/#website","url":"https:\/\/macstylerdz.com\/","name":"MAC STYLER DZ","description":"Achetez les appareils et les outils de coiffure de la marque Mac Styler sur le site officiel en Alg\u00e9rie.","publisher":{"@id":"https:\/\/macstylerdz.com\/#organization"},"alternateName":"macstyler","potentialAction":[{"@type":"SearchAction","target":{"@type":"EntryPoint","urlTemplate":"https:\/\/macstylerdz.com\/?s={search_term_string}"},"query-input":{"@type":"PropertyValueSpecification","valueRequired":true,"valueName":"search_term_string"}}],"inLanguage":"fr-FR"},{"@type":"Organization","@id":"https:\/\/macstylerdz.com\/#organization","name":"MAC STYLER DZ","alternateName":"MAC STYLER ALGERIE","url":"https:\/\/macstylerdz.com\/","logo":{"@type":"ImageObject","inLanguage":"fr-FR","@id":"https:\/\/macstylerdz.com\/#\/schema\/logo\/image\/","url":"https:\/\/macstylerdz.com\/wp-content\/uploads\/2024\/08\/MAC-STYLER-C.jpg","contentUrl":"https:\/\/macstylerdz.com\/wp-content\/uploads\/2024\/08\/MAC-STYLER-C.jpg","width":500,"height":500,"caption":"MAC STYLER DZ"},"image":{"@id":"https:\/\/macstylerdz.com\/#\/schema\/logo\/image\/"},"sameAs":["https:\/\/www.facebook.com\/lisseur\/","https:\/\/www.instagram.com\/dzmacshop\/","https:\/\/www.tiktok.com\/@mac..styler"]}]}},"_links":{"self":[{"href":"https:\/\/macstylerdz.com\/index.php?rest_route=\/wp\/v2\/product\/1444","targetHints":{"allow":["GET"]}}],"collection":[{"href":"https:\/\/macstylerdz.com\/index.php?rest_route=\/wp\/v2\/product"}],"about":[{"href":"https:\/\/macstylerdz.com\/index.php?rest_route=\/wp\/v2\/types\/product"}],"replies":[{"embeddable":true,"href":"https:\/\/macstylerdz.com\/index.php?rest_route=%2Fwp%2Fv2%2Fcomments&post=1444"}],"wp:featuredmedia":[{"embeddable":true,"href":"https:\/\/macstylerdz.com\/index.php?rest_route=\/wp\/v2\/media\/3443"}],"wp:attachment":[{"href":"https:\/\/macstylerdz.com\/index.php?rest_route=%2Fwp%2Fv2%2Fmedia&parent=1444"}],"wp:term":[{"taxonomy":"product_brand","embeddable":true,"href":"https:\/\/macstylerdz.com\/index.php?rest_route=%2Fwp%2Fv2%2Fproduct_brand&post=1444"},{"taxonomy":"product_cat","embeddable":true,"href":"https:\/\/macstylerdz.com\/index.php?rest_route=%2Fwp%2Fv2%2Fproduct_cat&post=1444"},{"taxonomy":"product_tag","embeddable":true,"href":"https:\/\/macstylerdz.com\/index.php?rest_route=%2Fwp%2Fv2%2Fproduct_tag&post=1444"}],"curies":[{"name":"wp","href":"https:\/\/api.w.org\/{rel}","templated":true}]}}